) = -7*b(o) + 4*u(o). What is the units digit of w(-13)?
3
Let g(i) = -17*i + 5. Suppose j - 4 = -8. What is the units digit of g(j)?
3
Suppose 5*m + 1910 = 3*o, 26*m - 5 = 31*m. What is the hundreds digit of o?
6
Suppose -12 = -u - u + 4*i, -4*i = -4*u + 20. Suppose r + 0*r + 163 = u*k, 2*k - 94 = -2*r. What is the tens digit of k?
4
Let n(m) = -120*m**3 + 2*m**2 - 10*m - 10. What is the hundreds digit of n(-1)?
1
Let g be (-7 + 4)*1/(-3). Suppose -3 = -v - g. Suppose v*y - 7 = 35. What is the units digit of y?
1
Let h(j) = 20*j**3 - 2*j**2 - j + 3. Let l be h(2). Suppose 2*x - l = -3*y, -4*y + 303 = 4*x - y. What is the units digit of x?
5
Suppose 4*r = 16, 4*l + 0*l - 396 = -2*r. Suppose 0 = -2*m - w - l, -2*m - 2*w - 3*w - 85 = 0. What is the units digit of (-2)/(-5) + (-780)/m?
6
Let k(a) = -a - 1. Let c(b) = 4*b**2 + 5*b + 21. Let l(n) = c(n) + 4*k(n). What is the hundreds digit of l(-5)?
1
Suppose 0 = -2*w - 3*w + 2845. Let l = w - 320. What is the tens digit of l?
4
What is the tens digit of ((-3)/9)/((-7 - -6)/141)?
4
Suppose -3*s + 14*r = 13*r - 2204, 0 = -5*r - 25. What is the hundreds digit of s?
7
Let q be 31 - (-2*1)/(-2). Let k be 1/(4/500) - (7 - 2). Suppose -3*w = q - k. What is the units digit of w?
0
Let v(r) = r + 26. Let n(c) = -c**3 + 3*c**2 + 3*c + 4. Let s be n(4). Suppose -5*d + s*d = 0. What is the units digit of v(d)?
6
Let l be ((-12)/(-14))/(9/84). What is the units digit of (-50)/40 - (-642)/l?
9
What is the tens digit of 334 - ((-5)/3 + 18/27)?
3
Suppose 7*y = 3*y + 8, -3*z + 4*y + 1102 = 0. What is the tens digit of z/34 + 4/34?
1
Let b = 1047 - 537. What is the hundreds digit of b?
5
Let n(w) = -w**3 + 16*w**2 - 6. Let y be n(16). What is the units digit of 78 + 0 + 3 + y?
5
Let d(s) = 4*s**2 - 24*s + 44. What is the units digit of d(-14)?
4
Let q = 2248 + -1021. What is the tens digit of q?
2
Suppose -355 - 851 = -6*q. Suppose -3*k - q = -645. What is the units digit of k?
8
Let d(b) = -12*b**3 + 25*b**2 + 11*b - 6. What is the thousands digit of d(-5)?
2
Let f(s) = 58*s - 4. Let g be f(2). What is the hundreds digit of 0 + g + (2 - 5)?
1
Suppose -3*r + w = -w - 1621, 5*w + 2166 = 4*r. What is the units digit of r?
9
Let b(j) = -5*j - 13. Let w be b(-17). What is the tens digit of (33/4)/(9/w)?
6
Suppose -b = -61 - 11. Suppose -4*f = w - 190, -w = -f - b - 133. What is the tens digit of w?
0
Suppose 12*t - 31*t = -2299. What is the tens digit of t?
2
Suppose a = 12 - 4. Suppose 2*r = 122 + a. What is the tens digit of r?
6
Suppose 5*b + 2*p = 1259, -2*p - 367 - 884 = -5*b. What is the units digit of b?
1
Let i = -13 - 20. Let d(v) = v**2 + 9*v - 3. Let p be d(-8). Let w = p - i. What is the tens digit of w?
2
Suppose -h = 5*c - 53, 3*c + h + 5 = 38. Suppose 140 = 3*z - c. What is the units digit of z?
0
Let m be (4/(-1*8))/(4/128). Let x(b) = -7*b + 19. What is the tens digit of x(m)?
3
Let g = 12 + -11. Let j be (-4)/(g - (-9)/(-6)). Let b(q) = 2*q - 4. What is the units digit of b(j)?
2
Let o(k) be the first derivative of -2*k**2 - 25*k - 1. What is the tens digit of o(-11)?
1
Suppose -6*x + 5436 - 1074 = 0. What is the units digit of x?
7
Suppose -q + 5 = -i + 1, -5*q + 17 = -2*i. Suppose 1103 = 5*y + q*d, 2*y + 2*d = -2*y + 882. Suppose -2*j - 3*j = -y. What is the tens digit of j?
4
Suppose -35*g + 37*g = 3*c + 5624, -2*c + 8436 = 3*g. What is the tens digit of g?
1
Suppose -r = -3, 17*x = 18*x + 2*r - 912. What is the units digit of x?
6
Let w be -2*4/16*0. Let r(i) = -19*i + 2. Let o be r(-4). Suppose 0 - 4 = -4*t, w = -3*m - 3*t + o. What is the tens digit of m?
2
Suppose -2*o - 3*o + 40 = 5*t, -2*o = -4*t + 14. Let q be 4/(-2) + -3 - o. What is the units digit of (q/(-8))/((-1)/(-17))?
7
Let i(m) = -m**3 + 5*m**2 - 3*m - 12. Let l be i(5). Let s be (16/3)/((-18)/l). Suppose -s*a = -0*a - 480. What is the tens digit of a?
6
Suppose -11*p + 14561 = -2929. What is the units digit of p?
0
Let j = 14 - -39. Suppose j = -2*x + 217. What is the units digit of x?
2
Let b(u) = -6*u + 2. Let h be b(-3). Suppose 0 = 6*y - y + h. Let a = y + 7. What is the units digit of a?
3
Let f(r) = 6*r**2 - r - 2 + r**3 - 3 + 3. Let u be f(-6). What is the units digit of (-1)/(u/4)*-25?
5
Suppose 845 = 4*p - 1363. What is the tens digit of p?
5
Suppose -6 = 4*d - 7*d. What is the tens digit of 9/33*102 - d/(-11)?
2
Suppose -14*p - 42484 = -52*p. What is the thousands digit of p?
1
Suppose 5*v + 5*a - 25 = 0, 2*v - 3*a = -6*a + 10. Suppose -v*r + 0*r = -230. Let z = r + -20. What is the units digit of z?
6
Suppose 7*c + 2*c = -3*c. Suppose c*k - 2*k = -100. What is the units digit of k?
0
Let m(o) = -19*o + 13. Let v(f) = f**3 - 10*f**2 - 10*f - 15. Let s be v(11). What is the units digit of m(s)?
9
Let x(y) = 30*y + 15*y**3 - 31*y + 10*y**3. Let j be x(1). What is the tens digit of j/(-15)*95/(-2)?
7
Let c(d) = -d**2 + 96*d + 180. What is the thousands digit of c(51)?
2
Let r = -4909 + 7109. What is the hundreds digit of r?
2
Let l = 45 + 97. Let v = l + -76. What is the tens digit of v?
6
Suppose 36 = -2*x + 82. What is the units digit of x?
3
What is the hundreds digit of 10 + 94/(-9) - (-65690)/18?
6
Let l be -2*(0 + (-1 - 0)). Suppose -5*z + 616 = l*z. What is the units digit of z?
8
Suppose -26024 = -123*o + 115*o. What is the units digit of o?
3
Suppose 2*u + 5*u = 126. Let p = 33 - u. What is the tens digit of (10/(-7))/(p/(-210))?
2
Let j be ((-3)/(-4)*-4)/((-2)/2). Suppose 335 = 2*d + j*d. What is the units digit of d?
7
Let b = -1355 + 1479. Let n be 2/(-4) + (-542)/(-4). Suppose -7*p + b + n = 0. What is the units digit of p?
7
Let f(o) = 24*o - 57. Let h be (-4)/(-3)*((4 - 3) + 8). What is the hundreds digit of f(h)?
2
Suppose 0 = -6*z - 17*z + 26795. What is the hundreds digit of z?
1
Suppose -228 = -2*t - 2*n - 0*n, -t - 3*n = -112. Suppose -2*h + 198 = 3*o, h - 208 = -5*o + t. What is the units digit of o?
4
Suppose 3*t = 2*b - 1140, 5*t + 1098 + 38 = 2*b. What is the hundreds digit of b?
5
Suppose m + 2*i = i + 8, -5*m + 37 = 4*i. Suppose -115 = -m*h + 140. What is the tens digit of h?
5
Let f be (6/(-6))/(1/(-3)). Suppose f*u - 36 - 189 = 0. Suppose 4*c - u = 21. What is the units digit of c?
4
Suppose 0 = 2*i - 4*u + 10, -2*i + 4*u - 3 = -7*i. Let r be (0 - -1)*1/i. What is the units digit of r/(-2*(-2)/(-132))?
3
Let v be (119/255*-3)/((-2)/30). Suppose -2*x = -5*x + 39. Let s = v - x. What is the units digit of s?
8
Suppose -4*y + 255 = g, -2*g - 4*y + 439 = -83. What is the tens digit of g?
6
Suppose 5*x = 0, 4*g + 24*x = 21*x + 15556. What is the thousands digit of g?
3
Let a be 4*((-702)/(-12) + 0). Let d = 401 - a. What is the units digit of d?
7
Let y = 25 - 25. Suppose 8*r - 4*r - 8 = y. Let c(j) = 7*j**2 - 3*j - 1. What is the units digit of c(r)?
1
Suppose -4*m = m - 75. Suppose 6 + 104 = -11*t. Let k = m + t. What is the units digit of k?
5
Suppose 2*g - 2 = g. Let v be -4 - (4 - 5)*g. What is the units digit of ((-128)/(-10))/(v/(-5))?
2
Let w = 11 + 9. Let m = w + 47. Let o = -28 + m. What is the tens digit of o?
3
Suppose -h + p = -4*h - 134, 5*h - 3*p = -214. Let x = h + 61. What is the units digit of x?
7
Let c(v) = -4*v**2 - 6*v - 16. Let g be c(8). Let l = -220 - g. What is the tens digit of l?
0
Let t be (-4 + -10)*3*-3. Let h = t - 83. What is the units digit of h?
3
Suppose -2802 = 22*i - 28*i. What is the tens digit of i?
6
Let b(x) = x**3 - 10*x**2 + 13*x - 16. Let d be b(9). Let h(y) = y**2 - 13*y + 7. What is the tens digit of h(d)?
4
Suppose 3*n = 2*w - 1539, 4*n = w - 351 - 406. What is the units digit of w?
7
What is the units digit of 16 - ((-2)/8 - (-27)/(-36))?
7
Let d(g) = -5 + 5 + 4*g - 5*g + 5. Let q be d(5). Suppose q*s = 3*s - 9, 4*y - 2*s - 10 = 0. What is the units digit of y?
4
Let y(m) = -m**3 + 7*m**2 - 6*m + 3. Let d be y(6). Suppose -2*l = 2*p - 54, d*l + 2*p = p + 83. Suppose -3*k - 1 = -l. What is the units digit of k?
9
Let s(z) = 30*z - 53. What is the units digit of s(16)?
7
What is the units digit of 8 + 494 + (-50)/(-5)?
2
Let i = -116 + 108. What is the tens digit of (7413/28 - 0) + (-2)/i?
6
Suppose -50 = -7*q + 9092. What is the thousands digit of q?
1
Suppose 0*k - 39 = k - 4*x, 0 = 2*k - 2*x + 60. Let i = 19 + k. What is the tens digit of 17*(-3)/(